{"id":970,"date":"2014-08-14T09:54:33","date_gmt":"2014-08-14T09:54:33","guid":{"rendered":"http:\/\/legendywarszawskie.pl\/?page_id=970"},"modified":"2015-02-21T13:30:54","modified_gmt":"2015-02-21T13:30:54","slug":"o-pradze-polnoc","status":"publish","type":"page","link":"http:\/\/legendywarszawskie.pl\/?page_id=970","title":{"rendered":"Rozdzia\u0142 o&#8230; Pradze P\u00f3\u0142noc"},"content":{"rendered":"<p><strong>Rozdzia\u0142 si\u00f3dmy (fragmenty)<\/strong><\/p>\n<p><strong>Praga P\u00f3\u0142noc, czyli&#8230; Koperta z lakow\u0105 piecz\u0119ci\u0105<\/strong><\/p>\n<p><a href=\"http:\/\/legendywarszawskie.pl\/wp-content\/uploads\/2014\/08\/DSC_6437.jpg\"><img loading=\"lazy\" decoding=\"async\" class=\"alignleft wp-image-709 size-medium\" src=\"http:\/\/legendywarszawskie.pl\/wp-content\/uploads\/2014\/08\/DSC_6437-300x200.jpg\" alt=\"DSC_6437\" width=\"300\" height=\"200\" srcset=\"http:\/\/legendywarszawskie.pl\/wp-content\/uploads\/2014\/08\/DSC_6437-300x200.jpg 300w, http:\/\/legendywarszawskie.pl\/wp-content\/uploads\/2014\/08\/DSC_6437-1024x685.jpg 1024w, http:\/\/legendywarszawskie.pl\/wp-content\/uploads\/2014\/08\/DSC_6437-800x535.jpg 800w\" sizes=\"auto, (max-width: 300px) 100vw, 300px\" \/><\/a><\/p>\n<p>(&#8230;) Poniewa\u017c nie zwr\u00f3cili\u015bmy uwagi na to, kto ko\u0142o nas siedzia\u0142, wi\u0119c nie bardzo wiedzieli\u015bmy, komu z go\u015bci przypomnie\u0107 o kopercie. Postanowili\u015bmy wzi\u0105\u0107 j\u0105 ze sob\u0105 i gdy przed ko\u015bcio\u0142em ustawi\u0142 si\u0119 ogonek go\u015bci do sk\u0142adania \u017cycze\u0144 nowo\u017ce\u0144com, ustawili\u015bmy si\u0119 na jego ko\u0144cu. Wszystko po to, by mie\u0107 czas na przepytanie innych, czy nie ma w\u015br\u00f3d nich tego, kt\u00f3ry zapomnia\u0142 koperty. Niestety nikt do niej nie chcia\u0142 si\u0119 przyzna\u0107. Gdy nadesz\u0142a nasza kolej, z\u0142o\u017cyli\u015bmy \u017cyczenia, a nawet wr\u0119czyli\u015bmy prezent, kt\u00f3rym by\u0142 niezwykle elegancki, zabytkowy kompas, symbol wyznaczania w\u0142a\u015bciwego kierunku marszu. Nowo\u017ce\u0144cy jednak nie rozpakowywali prezent\u00f3w. Nie otwierali te\u017c otrzymanych kopert, kt\u00f3re wr\u0119cza\u0142 im co drugi go\u015b\u0107. Dlatego my, gdy zdecydowali\u015bmy si\u0119 wr\u0119czy\u0107 te\u017c kopert\u0119 znalezion\u0105 na \u0142awce w ko\u015bciele, powiedzieli\u015bmy:<br \/>\n\u2013 To chyba dla was \u2013 k\u0142ad\u0105c nacisk na s\u0142owo \u201echyba\u201d.<br \/>\n\u2013 Oj, hojni dzi\u015b jeste\u015bcie! \u2013 odpowiedzia\u0142a Ania, ze \u015bmiechem rzucaj\u0105c si\u0119 obu nam na szyje.<br \/>\n\u2013 Ale to nie od nas \u2013 powiedzieli\u015bmy, chc\u0105c wyja\u015bni\u0107, \u017ce nie my jeste\u015bmy ofiarodawcami, jednak Ania zupe\u0142nie nas nie s\u0142ucha\u0142a. I na dodatek ku zdumieniu wszystkich go\u015bci, bo przecie\u017c do tej pory nie zajrza\u0142a do \u017cadnego z prezent\u00f3w, zr\u0119cznym ruchem zerwa\u0142a piecz\u0119\u0107 z koperty, kt\u00f3ra okaza\u0142a si\u0119 kartk\u0105 z\u0142o\u017con\u0105 tak, \u017ce tylko kopert\u0119 imitowa\u0142a. To, co by\u0142o na kartce napisane, Ania g\u0142o\u015bno odczyta\u0142a, za\u015bmiewaj\u0105c si\u0119 przy tym z tre\u015bci, kt\u00f3ra najwyra\u017aniej wyda\u0142a jej si\u0119 do\u015b\u0107 zabawna:<br \/>\n\u2013 \u201ePismo \u015awi\u0119te m\u00f3wi: \u00abWe czci niech b\u0119dzie ma\u0142\u017ce\u0144stwo pod ka\u017cdym wzgl\u0119dem i \u0142o\u017ce nieskalane, gdy\u017c rozpustnik\u00f3w i cudzo\u0142o\u017cnik\u00f3w os\u0105dzi B\u00f3g\u00bb. I mnie tak os\u0105dzi\u0142, bo uczynki moje wywo\u0142a\u0142y wielkie z\u0142o, kt\u00f3re przeciwko Rzeczpospolitej si\u0119 obr\u00f3ci\u0142o. Z czy\u015b\u0107ca wyjd\u0119 i zaznam spokoju, gdy jedyny prawdziwy patriota, kt\u00f3ry tu le\u017cy, a zgin\u0105\u0142 w wojnie, kt\u00f3rej by\u0142am przyczyn\u0105, odzyska swoje prawdziwe imi\u0119. Nie wierzcie, \u017ce \u017con\u0105 jego by\u0142a tylko szabla. Pom\u00f3\u017ccie w zwyci\u0119stwie prawdy nad mitem, a zaznacie prawdziwego ma\u0142\u017ce\u0144skiego szcz\u0119\u015bcia. Niech was B\u00f3g prowadzi!<br \/>\nH.S.K.R.\u201d.<br \/>\nGdy po chwili oboje z Piotrem zerkn\u0119li na kartk\u0119, okaza\u0142o si\u0119, \u017ce by\u0142a ona czysta. Tylko z zewn\u0105trz widnia\u0142 napis: \u201eNowo\u017ce\u0144cy Anna i Piotr\u201d. (&#8230;)<\/p>\n<div id=\"attachment_1086\" style=\"width: 164px\" class=\"wp-caption aligncenter\"><a href=\"http:\/\/legendywarszawskie.pl\/wp-content\/uploads\/2014\/08\/Warsaw_district_Praga_coa.png\"><img loading=\"lazy\" decoding=\"async\" aria-describedby=\"caption-attachment-1086\" class=\"size-full wp-image-1086\" src=\"http:\/\/legendywarszawskie.pl\/wp-content\/uploads\/2014\/08\/Warsaw_district_Praga_coa.png\" alt=\"\u0179r\u00f3d\u0142o: Wikipedia\" width=\"154\" height=\"208\" \/><\/a><p id=\"caption-attachment-1086\" class=\"wp-caption-text\">\u0179r\u00f3d\u0142o: Wikipedia<\/p><\/div>\n<div id=\"attachment_1084\" style=\"width: 268px\" class=\"wp-caption aligncenter\"><a href=\"http:\/\/legendywarszawskie.pl\/wp-content\/uploads\/2014\/08\/PL_Warsaw_praga_p\u00f3\u0142noc_location.svg_.png\"><img loading=\"lazy\" decoding=\"async\" aria-describedby=\"caption-attachment-1084\" class=\"size-medium wp-image-1084\" src=\"http:\/\/legendywarszawskie.pl\/wp-content\/uploads\/2014\/08\/PL_Warsaw_praga_p\u00f3\u0142noc_location.svg_-258x300.png\" alt=\"\u0179r\u00f3d\u0142o: Wikipedia\" width=\"258\" height=\"300\" srcset=\"http:\/\/legendywarszawskie.pl\/wp-content\/uploads\/2014\/08\/PL_Warsaw_praga_p\u00f3\u0142noc_location.svg_-258x300.png 258w, http:\/\/legendywarszawskie.pl\/wp-content\/uploads\/2014\/08\/PL_Warsaw_praga_p\u00f3\u0142noc_location.svg_.png 655w\" sizes=\"auto, (max-width: 258px) 100vw, 258px\" \/><\/a><p id=\"caption-attachment-1084\" class=\"wp-caption-text\">\u0179r\u00f3d\u0142o: Wikipedia<\/p><\/div>\n<p><strong>W granicach Warszawy:<\/strong> od XVIII w.<br \/>\n<strong>Powierzchnia:<\/strong> 11,42 km2<br \/>\n<strong>Wed\u0142ug miejskiego systemu informacji dzieli si\u0119 na rejony:<\/strong><\/p>\n<ul>\n<li>Pelcowizna,<\/li>\n<li>Nowa Praga,<\/li>\n<li>Stara Praga,<\/li>\n<li>Szmulowizna<\/li>\n<\/ul>\n<div id=\"attachment_1085\" style=\"width: 251px\" class=\"wp-caption aligncenter\"><a href=\"http:\/\/legendywarszawskie.pl\/wp-content\/uploads\/2014\/08\/PL_Warsaw_PRAGA_P\u00d3\u0141NOC_MSI_podzia\u0142.svg_.png\"><img loading=\"lazy\" decoding=\"async\" aria-describedby=\"caption-attachment-1085\" class=\"size-medium wp-image-1085\" src=\"http:\/\/legendywarszawskie.pl\/wp-content\/uploads\/2014\/08\/PL_Warsaw_PRAGA_P\u00d3\u0141NOC_MSI_podzia\u0142.svg_-241x300.png\" alt=\"\u0179r\u00f3d\u0142o: Wikipedia\" width=\"241\" height=\"300\" srcset=\"http:\/\/legendywarszawskie.pl\/wp-content\/uploads\/2014\/08\/PL_Warsaw_PRAGA_P\u00d3\u0141NOC_MSI_podzia\u0142.svg_-241x300.png 241w, http:\/\/legendywarszawskie.pl\/wp-content\/uploads\/2014\/08\/PL_Warsaw_PRAGA_P\u00d3\u0141NOC_MSI_podzia\u0142.svg_.png 660w\" sizes=\"auto, (max-width: 241px) 100vw, 241px\" \/><\/a><p id=\"caption-attachment-1085\" class=\"wp-caption-text\">\u0179r\u00f3d\u0142o: Wikipedia<\/p><\/div>\n<p>A wi\u0119cej tutaj o <a href=\"http:\/\/legendywarszawskie.pl\/?cat=11\">Pradze P\u00f3\u0142noc<\/a>\u2026<\/p>\n","protected":false},"excerpt":{"rendered":"<p>Rozdzia\u0142 si\u00f3dmy (fragmenty) Praga P\u00f3\u0142noc, czyli&#8230; Koperta z lakow\u0105 piecz\u0119ci\u0105 (&#8230;) Poniewa\u017c nie zwr\u00f3cili\u015bmy uwagi na to, kto ko\u0142o nas siedzia\u0142, wi\u0119c nie bardzo wiedzieli\u015bmy, komu z go\u015bci przypomnie\u0107 o <a class=\"more-link\" href=\"http:\/\/legendywarszawskie.pl\/?page_id=970\">Continue Reading &rarr;<\/a><\/p>\n","protected":false},"author":1,"featured_media":0,"parent":8,"menu_order":7,"comment_status":"closed","ping_status":"closed","template":"","meta":{"footnotes":""},"class_list":["post-970","page","type-page","status-publish","hentry"],"_links":{"self":[{"href":"http:\/\/legendywarszawskie.pl\/index.php?rest_route=\/wp\/v2\/pages\/970","targetHints":{"allow":["GET"]}}],"collection":[{"href":"http:\/\/legendywarszawskie.pl\/index.php?rest_route=\/wp\/v2\/pages"}],"about":[{"href":"http:\/\/legendywarszawskie.pl\/index.php?rest_route=\/wp\/v2\/types\/page"}],"author":[{"embeddable":true,"href":"http:\/\/legendywarszawskie.pl\/index.php?rest_route=\/wp\/v2\/users\/1"}],"replies":[{"embeddable":true,"href":"http:\/\/legendywarszawskie.pl\/index.php?rest_route=%2Fwp%2Fv2%2Fcomments&post=970"}],"version-history":[{"count":12,"href":"http:\/\/legendywarszawskie.pl\/index.php?rest_route=\/wp\/v2\/pages\/970\/revisions"}],"predecessor-version":[{"id":1582,"href":"http:\/\/legendywarszawskie.pl\/index.php?rest_route=\/wp\/v2\/pages\/970\/revisions\/1582"}],"up":[{"embeddable":true,"href":"http:\/\/legendywarszawskie.pl\/index.php?rest_route=\/wp\/v2\/pages\/8"}],"wp:attachment":[{"href":"http:\/\/legendywarszawskie.pl\/index.php?rest_route=%2Fwp%2Fv2%2Fmedia&parent=970"}],"curies":[{"name":"wp","href":"https:\/\/api.w.org\/{rel}","templated":true}]}}