{"id":922,"date":"2014-08-13T21:20:37","date_gmt":"2014-08-13T21:20:37","guid":{"rendered":"http:\/\/legendywarszawskie.pl\/?page_id=922"},"modified":"2020-10-20T11:18:42","modified_gmt":"2020-10-20T11:18:42","slug":"proje","status":"publish","type":"page","link":"http:\/\/legendywarszawskie.pl\/","title":{"rendered":"O ksi\u0105\u017cce"},"content":{"rendered":"<p><a href=\"http:\/\/legendywarszawskie.pl\/wp-content\/uploads\/2015\/03\/piekarska1a-2.jpg\"><img loading=\"lazy\" decoding=\"async\" class=\"alignleft wp-image-1635 size-medium\" src=\"http:\/\/legendywarszawskie.pl\/wp-content\/uploads\/2015\/03\/piekarska1a-2-212x300.jpg\" alt=\"\" width=\"212\" height=\"300\" srcset=\"http:\/\/legendywarszawskie.pl\/wp-content\/uploads\/2015\/03\/piekarska1a-2-212x300.jpg 212w, http:\/\/legendywarszawskie.pl\/wp-content\/uploads\/2015\/03\/piekarska1a-2.jpg 600w\" sizes=\"auto, (max-width: 212px) 100vw, 212px\" \/><\/a>\u201eCzucie i Wiara\u201d to nazwa mieszcz\u0105cego si\u0119 na Saskiej K\u0119pie biura detektywistycznego, prowadzonego przez J\u00f3zefa i Bronis\u0142awa Krosnowskich. Panowie zajmuj\u0105 si\u0119 wyja\u015bnianiem zjawisk paranormalnych, kt\u00f3rych przyczynami s\u0105 wydarzenia z przesz\u0142o\u015bci. Ka\u017cdy rozdzia\u0142 to jedno takie \u015bledztwo i jednocze\u015bnie\u2026 jedna warszawska dzielnica. To tak\u017ce jedna, r\u00f3\u017cnie pojmowana przez autork\u0119, epoka lub jedno wydarzenie historyczne. S\u0105 tu wi\u0119c powstania narodowe, wojny ze Szwedami, rewolucja 1905 r., a tak\u017ce pewne postaci, np. s\u0142ynna Lurierka, w kt\u00f3rej domu publicznym kr\u00f3l Stanis\u0142aw August Poniatowski obradowa\u0142 z ministrami, i szach perski, kt\u00f3ry w ko\u0144cu XIX w. odwiedzi\u0142 Polsk\u0119. Tu miesza si\u0119 prawda z fikcj\u0105 i wsp\u00f3\u0142czesno\u015b\u0107 z histori\u0105. A duchy? One co krok zdradzaj\u0105 sw\u0105 obecno\u015b\u0107! A przecie\u017c gdy daj\u0105 znaki, to zawsze w jakim\u015b celu. Czego wi\u0119c chc\u0105 od nas warszawskie duchy?<\/p>\n<p><strong>Tytu\u0142:<\/strong>\u00a0&#8222;Czucie i Wiara&#8221; czyli&#8230; warszawskie duchy<br \/>\n<strong>Autor:<\/strong> Ma\u0142gorzata Karolina Piekarska<br \/>\n<strong>stron:<\/strong> 264<br \/>\n<strong>ISBN:<\/strong> 978-83-7565-403-5<br \/>\n<strong>Redakcja:\u00a0<\/strong>Ma\u0142gorzata Pilecka<br \/>\n<strong>Projekt ok\u0142adki:\u00a0<\/strong>Miko\u0142aj Jastrz\u0119bski<br \/>\n<strong>Sk\u0142ad:<\/strong>\u00a0Maria Baranowska<br \/>\n<strong>Wydawnictwo:<\/strong> <a href=\"http:\/\/www.ltw.com.pl\/\" target=\"_blank\" rel=\"noopener noreferrer\">LTW<\/a><br \/>\n<strong>Premiera:<\/strong> 20 kwietnia 2015<br \/>\n<strong>Ok\u0142adka:<\/strong> twarda\/mi\u0119kka<br \/>\n<strong>Cena:<\/strong> 34,50 z\u0142\/29 z\u0142<\/p>\n<p>Projekt, kt\u00f3ry zaowocowa\u0142 ksi\u0105\u017ck\u0105 <strong>&#8222;Czucie i Wiara&#8221;, czyli warszawskie duchy <\/strong>najpierw nazywa\u0142 si\u0119 &#8222;Legendy Warszawskie&#8221;, gdy\u017c jest to pr\u00f3ba stworzenia nowych legend.<\/p>\n<p><a href=\"http:\/\/legendywarszawskie.pl\/wp-content\/uploads\/2014\/03\/20140214_142009.jpg\"><img loading=\"lazy\" decoding=\"async\" class=\"size-medium wp-image-141 alignleft\" src=\"http:\/\/legendywarszawskie.pl\/wp-content\/uploads\/2014\/03\/20140214_142009-300x225.jpg\" alt=\"20140214_142009\" width=\"300\" height=\"225\" srcset=\"http:\/\/legendywarszawskie.pl\/wp-content\/uploads\/2014\/03\/20140214_142009-300x225.jpg 300w, http:\/\/legendywarszawskie.pl\/wp-content\/uploads\/2014\/03\/20140214_142009-1024x768.jpg 1024w, http:\/\/legendywarszawskie.pl\/wp-content\/uploads\/2014\/03\/20140214_142009-624x467.jpg 624w\" sizes=\"auto, (max-width: 300px) 100vw, 300px\" \/><\/a>Pomys\u0142 na beletrystyczn\u0105 ksi\u0105\u017ck\u0119 historyczn\u0105, w kt\u00f3rej osi\u0105 s\u0105\u00a0prawdziwe miejsca w Warszawie i prawdziwe wydarzenia z jej historii, a zmy\u015blone zostaj\u0105\u00a0jedynie legendy oparte na tych wydarzeniach powsta\u0142 do\u015b\u0107 dawno podczas tworzenia przeze mnie cyklicznego programu telewizyjnego \u201eDetektyw Warszawski, czyli na tropie miejskich tajemnic\u201d. Nabra\u0142 realnych kszta\u0142t\u00f3w, gdy wraz z nie\u017cyj\u0105cym ju\u017c re\u017cyserem Tomaszem Zygad\u0142o omawiali\u015bmy nakr\u0119cenie fabularyzowanego dokumentu.<\/p>\n<p><a href=\"http:\/\/czucieiwiara.pl\/wp-content\/uploads\/2014\/08\/DSCF2068.jpg\"><img loading=\"lazy\" decoding=\"async\" class=\"alignright wp-image-1603 size-medium\" src=\"http:\/\/czucieiwiara.pl\/wp-content\/uploads\/2014\/08\/DSCF2068-300x225.jpg\" alt=\"\" width=\"300\" height=\"225\" srcset=\"http:\/\/legendywarszawskie.pl\/wp-content\/uploads\/2014\/08\/DSCF2068-300x225.jpg 300w, http:\/\/legendywarszawskie.pl\/wp-content\/uploads\/2014\/08\/DSCF2068-1024x768.jpg 1024w\" sizes=\"auto, (max-width: 300px) 100vw, 300px\" \/><\/a><\/p>\n<p>On pokaza\u0142 mi przystanek na Targ\u00f3wku (na zdj\u0119ciu obok Tomasz Zygad\u0142o na Bazarze R\u00f3zyckiego. Zdj\u0119cie zrobione w dniu, w kt\u00f3rym pokaza\u0142 mi przystanek.) Ja niejako w odpowiedzi na to, po szperaniu w \u017ar\u00f3d\u0142ach itd. w 2010 roku napisa\u0142am \u201eTajemnic\u0119 przystanku tramwajowego\u201d. Ten rozdzia\u0142 opublikowa\u0142am ju\u017c po \u015bmierci Tomasza, bo w styczniu 2013 roku na swoim\u00a0<a href=\"http:\/\/piekarska.blog.pl\/?p=2853\" target=\"_blank\" rel=\"noopener noreferrer\">blogu<\/a>. Ku memu zdumieniu tekst przeczyta\u0142o ponad 400 tys. czytelnik\u00f3w. Wielu pisa\u0142o do mnie wierz\u0105c, \u017ce to\u2026 prawdziwa historia, bo przecie\u017c pomnik jest i przystanek te\u017c jest!\u00a0Poniewa\u017c wtedy te\u017c odezwa\u0142 si\u0119 do mnie portal\u00a0<a href=\"http:\/\/www.targowek.info\/2013\/01\/tajemnica-przystanku-tramwajowego\/\" target=\"_blank\" rel=\"noopener noreferrer\">Targ\u00f3wek.info<\/a>\u00a0i spyta\u0142 o zgod\u0119 na przedruk \u201eTajemnicy przystanku tramwajowego\u201d (byli zafascynowani pomys\u0142em, bo uznali, \u017ce to ogromna promocja ich dzielnicy), tak wi\u0119c wr\u00f3ci\u0142am do pierwotnego zamys\u0142u stworzenia ksi\u0105\u017cki ze zmy\u015blonymi legendami.<\/p>\n<p>Chcia\u0142am, by te nowe legendy mojego autorstwa by\u0142y przekrojem historii miasta ze wszystkimi jego odcieniami. W 2014 roku dosta\u0142am p\u00f3\u0142roczne stypendium z Ministerstwa Kultury i Dziedzictwa Narodowego na napisanie ksi\u0105\u017cki po\u015bwi\u0119conej temu tematowi. W trakcie prac pomys\u0142 przekszta\u0142ci\u0142 si\u0119 w napisanie powie\u015bci\u00a0z duchami, bo w ko\u0144cu nic tak nie rozs\u0142awia jakiego\u015b miejsca, jak niewyt\u0142umaczalne rozumowo\u00a0zjawisko paranormalne. Ksi\u0105\u017cka jest ju\u017c sko\u0144czona. Nada\u0142am jej tytu\u0142: <em><strong>&#8222;Czucie i Wiara&#8221;, czyli warszawskie duchy<\/strong><\/em> bo &#8222;Czucie i Wiara&#8221; to nazwa\u00a0biura, prowadzonego przez g\u0142\u00f3wnych bohater\u00f3w. Do nich, tak jak i do mnie, 'czucie i wiara&#8217; m\u00f3wi\u0105 bardziej\u00a0ni\u017c 'm\u0119drca szkie\u0142ko i oko&#8217;.<\/p>\n<p><img loading=\"lazy\" decoding=\"async\" class=\"alignnone size-full wp-image-33 aligncenter\" src=\"http:\/\/legendywarszawskie.pl\/wp-content\/uploads\/2014\/03\/podpis.jpg\" alt=\"podpis\" width=\"264\" height=\"31\" \/><\/p>\n<ul>\n<li><a title=\"Czucie i wiara, czyli\u2026 Zamiast wst\u0119pu\" href=\"http:\/\/legendywarszawskie.pl\/?page_id=331\">Czucie i Wiara, czyli&#8230; zamiast wst\u0119pu<\/a><\/li>\n<li><a title=\"Pos\u0142owie, czyli\u2026 jak prawda miesza si\u0119 z fikcj\u0105\" href=\"http:\/\/legendywarszawskie.pl\/?page_id=328\">Pos\u0142owie, czyli&#8230; Jak prawda miesza si\u0119 z fikcj\u0105<\/a><\/li>\n<\/ul>\n","protected":false},"excerpt":{"rendered":"<p>\u201eCzucie i Wiara\u201d to nazwa mieszcz\u0105cego si\u0119 na Saskiej K\u0119pie biura detektywistycznego, prowadzonego przez J\u00f3zefa i Bronis\u0142awa Krosnowskich. Panowie zajmuj\u0105 si\u0119 wyja\u015bnianiem zjawisk paranormalnych, kt\u00f3rych przyczynami s\u0105 wydarzenia z przesz\u0142o\u015bci. <a class=\"more-link\" href=\"http:\/\/legendywarszawskie.pl\/\">Continue Reading &rarr;<\/a><\/p>\n","protected":false},"author":1,"featured_media":0,"parent":0,"menu_order":1,"comment_status":"closed","ping_status":"closed","template":"","meta":{"footnotes":""},"class_list":["post-922","page","type-page","status-publish","hentry"],"_links":{"self":[{"href":"http:\/\/legendywarszawskie.pl\/index.php?rest_route=\/wp\/v2\/pages\/922","targetHints":{"allow":["GET"]}}],"collection":[{"href":"http:\/\/legendywarszawskie.pl\/index.php?rest_route=\/wp\/v2\/pages"}],"about":[{"href":"http:\/\/legendywarszawskie.pl\/index.php?rest_route=\/wp\/v2\/types\/page"}],"author":[{"embeddable":true,"href":"http:\/\/legendywarszawskie.pl\/index.php?rest_route=\/wp\/v2\/users\/1"}],"replies":[{"embeddable":true,"href":"http:\/\/legendywarszawskie.pl\/index.php?rest_route=%2Fwp%2Fv2%2Fcomments&post=922"}],"version-history":[{"count":40,"href":"http:\/\/legendywarszawskie.pl\/index.php?rest_route=\/wp\/v2\/pages\/922\/revisions"}],"predecessor-version":[{"id":2959,"href":"http:\/\/legendywarszawskie.pl\/index.php?rest_route=\/wp\/v2\/pages\/922\/revisions\/2959"}],"wp:attachment":[{"href":"http:\/\/legendywarszawskie.pl\/index.php?rest_route=%2Fwp%2Fv2%2Fmedia&parent=922"}],"curies":[{"name":"wp","href":"https:\/\/api.w.org\/{rel}","templated":true}]}}

O książce

<p><a href="http://legendywarszawskie.pl/wp-content/uploads/2015/03/piekarska1a-2.jpg"><img loading="lazy" decoding="async" class="alignleft wp-image-1635 size-medium" src="http://legendywarszawskie.pl/wp-content/uploads/2015/03/piekarska1a-2-212x300.jpg" alt="" width="212" height="300" srcset="http://legendywarszawskie.pl/wp-content/uploads/2015/03/piekarska1a-2-212x300.jpg 212w, http://legendywarszawskie.pl/wp-content/uploads/2015/03/piekarska1a-2.jpg 600w" sizes="auto, (max-width: 212px) 100vw, 212px" /></a>„Czucie i Wiara” to nazwa mieszczącego się na Saskiej Kępie biura detektywistycznego, prowadzonego przez Józefa i Bronisława Krosnowskich. Panowie zajmują się wyjaśnianiem zjawisk paranormalnych, których przyczynami są wydarzenia z przeszłości. Każdy rozdział to jedno takie śledztwo i jednocześnie… jedna warszawska dzielnica. To także jedna, różnie pojmowana przez autorkę, epoka lub jedno wydarzenie historyczne. Są tu więc powstania narodowe, wojny ze Szwedami, rewolucja 1905 r., a także pewne postaci, np. słynna Lurierka, w której domu publicznym król Stanisław August Poniatowski obradował z ministrami, i szach perski, który w końcu XIX w. odwiedził Polskę. Tu miesza się prawda z fikcją i współczesność z historią. A duchy? One co krok zdradzają swą obecność! A przecież gdy dają znaki, to zawsze w jakimś celu. Czego więc chcą od nas warszawskie duchy?</p>
<p><strong>Tytuł:</strong> &#8222;Czucie i Wiara&#8221; czyli&#8230; warszawskie duchy<br />
<strong>Autor:</strong> Małgorzata Karolina Piekarska<br />
<strong>stron:</strong> 264<br />
<strong>ISBN:</strong> 978-83-7565-403-5<br />
<strong>Redakcja: </strong>Małgorzata Pilecka<br />
<strong>Projekt okładki: </strong>Mikołaj Jastrzębski<br />
<strong>Skład:</strong> Maria Baranowska<br />
<strong>Wydawnictwo:</strong> <a href="http://www.ltw.com.pl/" target="_blank" rel="noopener noreferrer">LTW</a><br />
<strong>Premiera:</strong> 20 kwietnia 2015<br />
<strong>Okładka:</strong> twarda/miękka<br />
<strong>Cena:</strong> 34,50 zł/29 zł</p>
<p>Projekt, który zaowocował książką <strong>&#8222;Czucie i Wiara&#8221;, czyli warszawskie duchy </strong>najpierw nazywał się &#8222;Legendy Warszawskie&#8221;, gdyż jest to próba stworzenia nowych legend.</p>
<p><a href="http://legendywarszawskie.pl/wp-content/uploads/2014/03/20140214_142009.jpg"><img loading="lazy" decoding="async" class="size-medium wp-image-141 alignleft" src="http://legendywarszawskie.pl/wp-content/uploads/2014/03/20140214_142009-300x225.jpg" alt="20140214_142009" width="300" height="225" srcset="http://legendywarszawskie.pl/wp-content/uploads/2014/03/20140214_142009-300x225.jpg 300w, http://legendywarszawskie.pl/wp-content/uploads/2014/03/20140214_142009-1024x768.jpg 1024w, http://legendywarszawskie.pl/wp-content/uploads/2014/03/20140214_142009-624x467.jpg 624w" sizes="auto, (max-width: 300px) 100vw, 300px" /></a>Pomysł na beletrystyczną książkę historyczną, w której osią są prawdziwe miejsca w Warszawie i prawdziwe wydarzenia z jej historii, a zmyślone zostają jedynie legendy oparte na tych wydarzeniach powstał dość dawno podczas tworzenia przeze mnie cyklicznego programu telewizyjnego „Detektyw Warszawski, czyli na tropie miejskich tajemnic”. Nabrał realnych kształtów, gdy wraz z nieżyjącym już reżyserem Tomaszem Zygadło omawialiśmy nakręcenie fabularyzowanego dokumentu.</p>
<p><a href="http://czucieiwiara.pl/wp-content/uploads/2014/08/DSCF2068.jpg"><img loading="lazy" decoding="async" class="alignright wp-image-1603 size-medium" src="http://czucieiwiara.pl/wp-content/uploads/2014/08/DSCF2068-300x225.jpg" alt="" width="300" height="225" srcset="http://legendywarszawskie.pl/wp-content/uploads/2014/08/DSCF2068-300x225.jpg 300w, http://legendywarszawskie.pl/wp-content/uploads/2014/08/DSCF2068-1024x768.jpg 1024w" sizes="auto, (max-width: 300px) 100vw, 300px" /></a></p>
<p>On pokazał mi przystanek na Targówku (na zdjęciu obok Tomasz Zygadło na Bazarze Rózyckiego. Zdjęcie zrobione w dniu, w którym pokazał mi przystanek.) Ja niejako w odpowiedzi na to, po szperaniu w źródłach itd. w 2010 roku napisałam „Tajemnicę przystanku tramwajowego”. Ten rozdział opublikowałam już po śmierci Tomasza, bo w styczniu 2013 roku na swoim <a href="http://piekarska.blog.pl/?p=2853" target="_blank" rel="noopener noreferrer">blogu</a>. Ku memu zdumieniu tekst przeczytało ponad 400 tys. czytelników. Wielu pisało do mnie wierząc, że to… prawdziwa historia, bo przecież pomnik jest i przystanek też jest! Ponieważ wtedy też odezwał się do mnie portal <a href="http://www.targowek.info/2013/01/tajemnica-przystanku-tramwajowego/" target="_blank" rel="noopener noreferrer">Targówek.info</a> i spytał o zgodę na przedruk „Tajemnicy przystanku tramwajowego” (byli zafascynowani pomysłem, bo uznali, że to ogromna promocja ich dzielnicy), tak więc wróciłam do pierwotnego zamysłu stworzenia książki ze zmyślonymi legendami.</p>
<p>Chciałam, by te nowe legendy mojego autorstwa były przekrojem historii miasta ze wszystkimi jego odcieniami. W 2014 roku dostałam półroczne stypendium z Ministerstwa Kultury i Dziedzictwa Narodowego na napisanie książki poświęconej temu tematowi. W trakcie prac pomysł przekształcił się w napisanie powieści z duchami, bo w końcu nic tak nie rozsławia jakiegoś miejsca, jak niewytłumaczalne rozumowo zjawisko paranormalne. Książka jest już skończona. Nadałam jej tytuł: <em><strong>&#8222;Czucie i Wiara&#8221;, czyli warszawskie duchy</strong></em> bo &#8222;Czucie i Wiara&#8221; to nazwa biura, prowadzonego przez głównych bohaterów. Do nich, tak jak i do mnie, 'czucie i wiara&#8217; mówią bardziej niż 'mędrca szkiełko i oko&#8217;.</p>
<p><img loading="lazy" decoding="async" class="alignnone size-full wp-image-33 aligncenter" src="http://legendywarszawskie.pl/wp-content/uploads/2014/03/podpis.jpg" alt="podpis" width="264" height="31" /></p>
<ul>
<li><a title="Czucie i wiara, czyli… Zamiast wstępu" href="http://legendywarszawskie.pl/?page_id=331">Czucie i Wiara, czyli&#8230; zamiast wstępu</a></li>
<li><a title="Posłowie, czyli… jak prawda miesza się z fikcją" href="http://legendywarszawskie.pl/?page_id=328">Posłowie, czyli&#8230; Jak prawda miesza się z fikcją</a></li>
</ul>

<p>„Czucie i Wiara” to nazwa mieszczącego się na Saskiej Kępie biura detektywistycznego, prowadzonego przez Józefa i Bronisława Krosnowskich. Panowie zajmują się wyjaśnianiem zjawisk paranormalnych, których przyczynami są wydarzenia z przeszłości. <a class="more-link" href="http://legendywarszawskie.pl/">Continue Reading &rarr;</a></p>
