{"id":1925,"date":"2015-06-09T11:22:31","date_gmt":"2015-06-09T11:22:31","guid":{"rendered":"http:\/\/czucieiwiara.pl\/?page_id=1925"},"modified":"2015-06-09T11:22:31","modified_gmt":"2015-06-09T11:22:31","slug":"recenzja-z-portalu-dziennikarze-org-pl","status":"publish","type":"page","link":"http:\/\/legendywarszawskie.pl\/?page_id=1925","title":{"rendered":"Recenzja z portalu dziennikarze.org.pl"},"content":{"rendered":"<p><strong><a href=\"http:\/\/czucieiwiara.pl\/wp-content\/uploads\/2015\/03\/piekarska1a-2.jpg\"><img loading=\"lazy\" decoding=\"async\" class=\"alignleft size-medium wp-image-1635\" src=\"http:\/\/czucieiwiara.pl\/wp-content\/uploads\/2015\/03\/piekarska1a-2-212x300.jpg\" alt=\"piekarska1a (2)\" width=\"212\" height=\"300\" srcset=\"http:\/\/legendywarszawskie.pl\/wp-content\/uploads\/2015\/03\/piekarska1a-2-212x300.jpg 212w, http:\/\/legendywarszawskie.pl\/wp-content\/uploads\/2015\/03\/piekarska1a-2.jpg 600w\" sizes=\"auto, (max-width: 212px) 100vw, 212px\" \/><\/a>NIETYPOWA LEKCJA HISTORII&#8230;<\/strong><\/p>\n<p><strong>&#8230;stolicy. Napisa\u0142a j\u0105 Ma\u0142gorzata Karolina Piekarska. \u201eCzucie i wiara\u201d, czyli warszawskie duchy \u2013 taki tytu\u0142 ma ta ciekawa ksi\u0105\u017cka, w kt\u00f3rej ka\u017cdy z osiemnastu rozdzia\u0142\u00f3w to historia jednej dzielnicy Warszawy. A raczej relacja ojca i syna, kt\u00f3rzy na Saskiej K\u0119pie prowadz\u0105 Agencj\u0119 Detektywistyczno-Historyczn\u0105 \u201eCzucie i wiara\u201d. Opowiadaj\u0105 nam przygody, a raczej nietypowe \u015bledztwa, kt\u00f3re jako badaczom przesz\u0142o\u015bci Warszawy i detektywom przysz\u0142o im prowadzi\u0107.<\/strong><br \/>\n<span id=\"more-3596\"><\/span><\/p>\n<p>Nazw\u0119 biura \u2013 \u201eCzucie i wiara\u201d \u2013 bohaterowie powie\u015bci zaczerpn\u0119li z wiersza Adama Mickiewicza \u201eRomantyczno\u015b\u0107\u201d. S\u0142ynna ballada, opublikowana na zako\u0144czenie s\u0142owa wst\u0119pnego uzasadnia ten wyb\u00f3r. \u201eBo dla nas tak\u017ce \u201eczucie i wiara\u201d maj\u0105 wi\u0119ksze znaczenie ni\u017c m\u0119drca \u201eszkie\u0142ko i oko\u201d \u2013 czytamy we wst\u0119pie.<\/p>\n<p>Kogo spotykamy i o jakich wydarzeniach dowiadujemy si\u0119 z tej powie\u015bci, w kt\u00f3rej \u201emiesza si\u0119 prawda z fikcj\u0105 i wsp\u00f3\u0142czesno\u015b\u0107 z histori\u0105\u201d? Wojny ze Szwedami, rewolucja 1905 roku, wizyta perskiego szacha, kt\u00f3ry w XIX wieku odwiedzi\u0142 Polsk\u0119, tajne spotkania kr\u00f3la Stanis\u0142awa Augusta Poniatowskiego z ministrami w\u2026 domu publicznym.<\/p>\n<p>Zamiast streszczenia wystarczy spis tre\u015bci, aby zach\u0119ci\u0107 do tej nietypowej lekcji. Ka\u017cdy rozdzia\u0142 to historia zwi\u0105zana z jedn\u0105 dzielnic\u0105.<\/p>\n<p>Przytoczmy t\u0119 z pierwszego rozdzia\u0142u: \u201eBemowo, czyli\u2026 d\u0142ugie i kr\u00f3tkie sygna\u0142y\u201d . Poznajemy rozwi\u0105zanie zagadki nietypowych odg\u0142os\u00f3w zak\u0142\u00f3caj\u0105cych dzia\u0142alno\u015b\u0107 Radia Bemowo. Detektywom pom\u00f3g\u0142 kr\u00f3tkofalowiec, a my dowiedzieli\u015bmy si\u0119, \u017ce we wrze\u015bniu 1939 roku na terenie fortu Babice broniono m.in. stacji nadawczej Transatlantyckiej Centrali Radiotelegraficznej. Uruchomiona w roku 1923 by\u0142a najnowocze\u015bniejsz\u0105 w Europie stacj\u0105 nadawcz\u0105. Kiedy detektywi zapytali \u201especa od kr\u00f3tkich fal\u201d, po co by\u0142a ta centrala, powiedzia\u0142: \u201eA po to, by po pierwsze zapewni\u0107 Polsce mi\u0119dzykontynentalny kontakt ze \u015bwiatem. A ponadto, by pokaza\u0107 \u015bwiatu fakt powrotu Polski na map\u0119 Europy! Ju\u017c te dwa powody wystarcz\u0105\u201d. Stacj\u0119 przej\u0119li w czasie wojny Niemcy. Strzegli jej jak oka w g\u0142owie, bo zapewnia\u0142a im \u0142\u0105czno\u015b\u0107 z okr\u0119tami podwodnymi Kriegsmarine. Przed kl\u0119sk\u0105, w styczniu 1945 roku, wysadzili maszty w powietrze i stacja znikn\u0119\u0142a. Przez lata nikt praktycznie o niej nie pami\u0119ta\u0142. I w tym miejscu pojawiaj\u0105 si\u0119 owe \u201ewarszawskie duchy\u201d, czyli tajemnicze sygna\u0142y nadawane alfabetem Morse\u2019a. \u201ePrzecie\u017c to normalne. Ka\u017cdy kr\u00f3tkofalowiec wam powie, \u017ce stacje s\u0105 jak duchy\u2026 Fale radiowe nie umieraj\u0105. One nie gin\u0105 nigdzie. D\u017awi\u0119k raz puszczony w \u015bwiat za pomoc\u0105 fal radiowych, pozostaje w nim ju\u017c na zawsze \u201d \u2013 wyja\u015bni\u0142 zdumionym detektywom kr\u00f3tkofalowiec. Czy mieszka\u0144cy dzisiejszego Bemowa znaj\u0105 t\u0119 histori\u0119?\u2026<\/p>\n<p>W rozdziale osiemnastym, ostatnim: \u201e\u017boliborz, czyli\u2026 pomi\u0119dzy rykiem krowy a pianiem koguta\u201d, wracamy do czas\u00f3w okupacji. Opowiada o nich znajomy naszych detektyw\u00f3w, Felek Szcz\u0119\u015bciarz. \u201eOkolice placu Inwalid\u00f3w, alei Wojska Polskiego, ulic Czarnieckiego, \u015amia\u0142ej, Krajewskiego czy Feli\u0144skiego i tak dalej by\u0142y \u015bwiadkami wielu wydarze\u0144 w czasie okupacji. Podobno w podziemiach tuneli prowadz\u0105cych od Cytadeli w r\u00f3\u017cnych miejscach ukrywano \u017byd\u00f3w. Podobno specjalnie po to, by mie\u0107 ich czym karmi\u0107, niekt\u00f3rzy w ogr\u00f3dkach trzymali kury. Kto\u015b tam na stokach Cytadeli wypasa\u0142 krow\u0119\u201d. Zas\u0142yszan\u0105 opowie\u015b\u0107 nasi badacze zweryfikowali u \u017coliborskiej artystki, bo trudno by\u0142o uwierzy\u0107, \u017ce na starym \u017boliborzu \u201educhy okupacji i powstania przypominaj\u0105 o sobie\u201d do dzi\u015b. Artystka opowiedzia\u0142a im o poternie, czyli podziemnym korytarzu, kt\u00f3ry zosta\u0142 zbudowany w 1865 roku, kiedy modernizowano i rozbudowywano Cytadel\u0119 i mia\u0142 u\u0142atwia\u0107 w czasie zagro\u017cenia wojennego zaopatrzenie. Na powierzchni wkr\u00f3tce powsta\u0142o osiedle \u017boliborz Oficerski i podziemne korytarze wykorzystywano jako piwniczki do przechowywania win lub hodowli pieczarek. W czasie okupacji poterna by\u0142a schronieniem dla wielu \u017byd\u00f3w. W tym miejscu pojawia si\u0119 przedwojenna dziennikarka, Janina Dunin-W\u0105sowiczowa, mieszkanka \u017boliborza. Jej wspomnienia opublikowa\u0142 wnuk, znany wydawca Pawe\u0142 Dunin-W\u0105sowicz. \u201eTym, \u017ce chcemy wyja\u015bni\u0107 spraw\u0119 powtarzaj\u0105cych si\u0119 i dobiegaj\u0105cych nie wiadomo sk\u0105d odg\u0142os\u00f3w ryku krowy i piania koguta , zupe\u0142nie si\u0119 nie zdziwi\u0142\u201d. Nawet powiedzia\u0142, \u017ce we wspomnieniach jest historia z krow\u0105 w tle. Natomiast obecnie poterna jest wykorzystywana przez uczestnik\u00f3w gry geocaching. Poszukiwacze przyg\u00f3d i mi\u0142o\u015bnicy zabawy wiedz\u0105, o co w niej chodzi.<\/p>\n<p>W ten spos\u00f3b mo\u017cemy na ko\u0144cu przytoczy\u0107 s\u0142owa autorki. \u201eNie jest to opracowanie historyczne, a zbi\u00f3r opowiada\u0144 \u0142\u0105cz\u0105cych si\u0119 w ca\u0142o\u015b\u0107 i przenosz\u0105cych Czytelnika w g\u0142\u0105b historii mojego miasta. To moja intelektualna zabawa, stworzona z my\u015bl\u0105 o wszystkich, kt\u00f3rzy lubi\u0105 czyta\u0107. I tych starych, i tych m\u0142odych, bo ka\u017cdy znajdzie tu co dla siebie\u201d.<\/p>\n<p>To prawda. Warszawiacy od pokole\u0144 pewno o wielu tych historiach nie wiedz\u0105, a tzw. s\u0142oiki te\u017c mog\u0105 pozna\u0107 stolic\u0119 od nietypowej strony.<br \/>\nZach\u0119cam do si\u0119gni\u0119cia po opowie\u015b\u0107 o warszawskich duchach, kt\u00f3r\u0105 snuje Ma\u0142gorzata Karolina Piekarska.<\/p>\n<p><strong>Barbara Janiszewska<\/strong><\/p>\n<p>Data publikacji: 7 czerwca 2015<br \/>\n\u0179r\u00f3d\u0142o:\u00a0<a href=\"http:\/\/dziennikarzerp.org.pl\/nietypowa-lekcja-historii\/\" target=\"_blank\">http:\/\/dziennikarzerp.org.pl\/nietypowa-lekcja-historii\/<\/a><\/p>\n","protected":false},"excerpt":{"rendered":"<p>NIETYPOWA LEKCJA HISTORII&#8230; &#8230;stolicy. Napisa\u0142a j\u0105 Ma\u0142gorzata Karolina Piekarska. \u201eCzucie i wiara\u201d, czyli warszawskie duchy \u2013 taki tytu\u0142 ma ta ciekawa ksi\u0105\u017cka, w kt\u00f3rej ka\u017cdy z osiemnastu rozdzia\u0142\u00f3w to historia <a class=\"more-link\" href=\"http:\/\/legendywarszawskie.pl\/?page_id=1925\">Continue Reading &rarr;<\/a><\/p>\n","protected":false},"author":1,"featured_media":1635,"parent":1886,"menu_order":0,"comment_status":"closed","ping_status":"closed","template":"","meta":{"footnotes":""},"class_list":["post-1925","page","type-page","status-publish","has-post-thumbnail","hentry"],"_links":{"self":[{"href":"http:\/\/legendywarszawskie.pl\/index.php?rest_route=\/wp\/v2\/pages\/1925","targetHints":{"allow":["GET"]}}],"collection":[{"href":"http:\/\/legendywarszawskie.pl\/index.php?rest_route=\/wp\/v2\/pages"}],"about":[{"href":"http:\/\/legendywarszawskie.pl\/index.php?rest_route=\/wp\/v2\/types\/page"}],"author":[{"embeddable":true,"href":"http:\/\/legendywarszawskie.pl\/index.php?rest_route=\/wp\/v2\/users\/1"}],"replies":[{"embeddable":true,"href":"http:\/\/legendywarszawskie.pl\/index.php?rest_route=%2Fwp%2Fv2%2Fcomments&post=1925"}],"version-history":[{"count":1,"href":"http:\/\/legendywarszawskie.pl\/index.php?rest_route=\/wp\/v2\/pages\/1925\/revisions"}],"predecessor-version":[{"id":1926,"href":"http:\/\/legendywarszawskie.pl\/index.php?rest_route=\/wp\/v2\/pages\/1925\/revisions\/1926"}],"up":[{"embeddable":true,"href":"http:\/\/legendywarszawskie.pl\/index.php?rest_route=\/wp\/v2\/pages\/1886"}],"wp:featuredmedia":[{"embeddable":true,"href":"http:\/\/legendywarszawskie.pl\/index.php?rest_route=\/wp\/v2\/media\/1635"}],"wp:attachment":[{"href":"http:\/\/legendywarszawskie.pl\/index.php?rest_route=%2Fwp%2Fv2%2Fmedia&parent=1925"}],"curies":[{"name":"wp","href":"https:\/\/api.w.org\/{rel}","templated":true}]}}

<p><strong><a href="http://czucieiwiara.pl/wp-content/uploads/2015/03/piekarska1a-2.jpg"><img loading="lazy" decoding="async" class="alignleft size-medium wp-image-1635" src="http://czucieiwiara.pl/wp-content/uploads/2015/03/piekarska1a-2-212x300.jpg" alt="piekarska1a (2)" width="212" height="300" srcset="http://legendywarszawskie.pl/wp-content/uploads/2015/03/piekarska1a-2-212x300.jpg 212w, http://legendywarszawskie.pl/wp-content/uploads/2015/03/piekarska1a-2.jpg 600w" sizes="auto, (max-width: 212px) 100vw, 212px" /></a>NIETYPOWA LEKCJA HISTORII&#8230;</strong></p>
<p><strong>&#8230;stolicy. Napisała ją Małgorzata Karolina Piekarska. „Czucie i wiara”, czyli warszawskie duchy – taki tytuł ma ta ciekawa książka, w której każdy z osiemnastu rozdziałów to historia jednej dzielnicy Warszawy. A raczej relacja ojca i syna, którzy na Saskiej Kępie prowadzą Agencję Detektywistyczno-Historyczną „Czucie i wiara”. Opowiadają nam przygody, a raczej nietypowe śledztwa, które jako badaczom przeszłości Warszawy i detektywom przyszło im prowadzić.</strong><br />
<span id="more-3596"></span></p>
<p>Nazwę biura – „Czucie i wiara” – bohaterowie powieści zaczerpnęli z wiersza Adama Mickiewicza „Romantyczność”. Słynna ballada, opublikowana na zakończenie słowa wstępnego uzasadnia ten wybór. „Bo dla nas także „czucie i wiara” mają większe znaczenie niż mędrca „szkiełko i oko” – czytamy we wstępie.</p>
<p>Kogo spotykamy i o jakich wydarzeniach dowiadujemy się z tej powieści, w której „miesza się prawda z fikcją i współczesność z historią”? Wojny ze Szwedami, rewolucja 1905 roku, wizyta perskiego szacha, który w XIX wieku odwiedził Polskę, tajne spotkania króla Stanisława Augusta Poniatowskiego z ministrami w… domu publicznym.</p>
<p>Zamiast streszczenia wystarczy spis treści, aby zachęcić do tej nietypowej lekcji. Każdy rozdział to historia związana z jedną dzielnicą.</p>
<p>Przytoczmy tę z pierwszego rozdziału: „Bemowo, czyli… długie i krótkie sygnały” . Poznajemy rozwiązanie zagadki nietypowych odgłosów zakłócających działalność Radia Bemowo. Detektywom pomógł krótkofalowiec, a my dowiedzieliśmy się, że we wrześniu 1939 roku na terenie fortu Babice broniono m.in. stacji nadawczej Transatlantyckiej Centrali Radiotelegraficznej. Uruchomiona w roku 1923 była najnowocześniejszą w Europie stacją nadawczą. Kiedy detektywi zapytali „speca od krótkich fal”, po co była ta centrala, powiedział: „A po to, by po pierwsze zapewnić Polsce międzykontynentalny kontakt ze światem. A ponadto, by pokazać światu fakt powrotu Polski na mapę Europy! Już te dwa powody wystarczą”. Stację przejęli w czasie wojny Niemcy. Strzegli jej jak oka w głowie, bo zapewniała im łączność z okrętami podwodnymi Kriegsmarine. Przed klęską, w styczniu 1945 roku, wysadzili maszty w powietrze i stacja zniknęła. Przez lata nikt praktycznie o niej nie pamiętał. I w tym miejscu pojawiają się owe „warszawskie duchy”, czyli tajemnicze sygnały nadawane alfabetem Morse’a. „Przecież to normalne. Każdy krótkofalowiec wam powie, że stacje są jak duchy… Fale radiowe nie umierają. One nie giną nigdzie. Dźwięk raz puszczony w świat za pomocą fal radiowych, pozostaje w nim już na zawsze ” – wyjaśnił zdumionym detektywom krótkofalowiec. Czy mieszkańcy dzisiejszego Bemowa znają tę historię?…</p>
<p>W rozdziale osiemnastym, ostatnim: „Żoliborz, czyli… pomiędzy rykiem krowy a pianiem koguta”, wracamy do czasów okupacji. Opowiada o nich znajomy naszych detektywów, Felek Szczęściarz. „Okolice placu Inwalidów, alei Wojska Polskiego, ulic Czarnieckiego, Śmiałej, Krajewskiego czy Felińskiego i tak dalej były świadkami wielu wydarzeń w czasie okupacji. Podobno w podziemiach tuneli prowadzących od Cytadeli w różnych miejscach ukrywano Żydów. Podobno specjalnie po to, by mieć ich czym karmić, niektórzy w ogródkach trzymali kury. Ktoś tam na stokach Cytadeli wypasał krowę”. Zasłyszaną opowieść nasi badacze zweryfikowali u żoliborskiej artystki, bo trudno było uwierzyć, że na starym Żoliborzu „duchy okupacji i powstania przypominają o sobie” do dziś. Artystka opowiedziała im o poternie, czyli podziemnym korytarzu, który został zbudowany w 1865 roku, kiedy modernizowano i rozbudowywano Cytadelę i miał ułatwiać w czasie zagrożenia wojennego zaopatrzenie. Na powierzchni wkrótce powstało osiedle Żoliborz Oficerski i podziemne korytarze wykorzystywano jako piwniczki do przechowywania win lub hodowli pieczarek. W czasie okupacji poterna była schronieniem dla wielu Żydów. W tym miejscu pojawia się przedwojenna dziennikarka, Janina Dunin-Wąsowiczowa, mieszkanka Żoliborza. Jej wspomnienia opublikował wnuk, znany wydawca Paweł Dunin-Wąsowicz. „Tym, że chcemy wyjaśnić sprawę powtarzających się i dobiegających nie wiadomo skąd odgłosów ryku krowy i piania koguta , zupełnie się nie zdziwił”. Nawet powiedział, że we wspomnieniach jest historia z krową w tle. Natomiast obecnie poterna jest wykorzystywana przez uczestników gry geocaching. Poszukiwacze przygód i miłośnicy zabawy wiedzą, o co w niej chodzi.</p>
<p>W ten sposób możemy na końcu przytoczyć słowa autorki. „Nie jest to opracowanie historyczne, a zbiór opowiadań łączących się w całość i przenoszących Czytelnika w głąb historii mojego miasta. To moja intelektualna zabawa, stworzona z myślą o wszystkich, którzy lubią czytać. I tych starych, i tych młodych, bo każdy znajdzie tu co dla siebie”.</p>
<p>To prawda. Warszawiacy od pokoleń pewno o wielu tych historiach nie wiedzą, a tzw. słoiki też mogą poznać stolicę od nietypowej strony.<br />
Zachęcam do sięgnięcia po opowieść o warszawskich duchach, którą snuje Małgorzata Karolina Piekarska.</p>
<p><strong>Barbara Janiszewska</strong></p>
<p>Data publikacji: 7 czerwca 2015<br />
Źródło: <a href="http://dziennikarzerp.org.pl/nietypowa-lekcja-historii/" target="_blank">http://dziennikarzerp.org.pl/nietypowa-lekcja-historii/</a></p>

<p>NIETYPOWA LEKCJA HISTORII&#8230; &#8230;stolicy. Napisała ją Małgorzata Karolina Piekarska. „Czucie i wiara”, czyli warszawskie duchy – taki tytuł ma ta ciekawa książka, w której każdy z osiemnastu rozdziałów to historia <a class="more-link" href="http://legendywarszawskie.pl/?page_id=1925">Continue Reading &rarr;</a></p>
