{"id":1894,"date":"2015-06-06T12:55:40","date_gmt":"2015-06-06T12:55:40","guid":{"rendered":"http:\/\/czucieiwiara.pl\/?page_id=1894"},"modified":"2015-08-23T18:46:16","modified_gmt":"2015-08-23T18:46:16","slug":"recenzja-z-rzeczpospolitej","status":"publish","type":"page","link":"http:\/\/legendywarszawskie.pl\/?page_id=1894","title":{"rendered":"Recenzja z dodatku Rzeczpospolitej &#8222;Plus Minus&#8221;"},"content":{"rendered":"<header class=\"page-entry-header\">\n<h1 class=\"entry-title\"><strong>Znikaj\u0105cy talar i duch Nowakowskiego<\/strong><\/h1>\n<\/header>\n<div class=\"single-entry-content\">\n<p><a href=\"http:\/\/czucieiwiara.pl\/wp-content\/uploads\/2015\/03\/piekarska1a-2.jpg\"><img loading=\"lazy\" decoding=\"async\" class=\"alignleft size-medium wp-image-1635\" src=\"http:\/\/czucieiwiara.pl\/wp-content\/uploads\/2015\/03\/piekarska1a-2-212x300.jpg\" alt=\"piekarska1a (2)\" width=\"212\" height=\"300\" srcset=\"http:\/\/legendywarszawskie.pl\/wp-content\/uploads\/2015\/03\/piekarska1a-2-212x300.jpg 212w, http:\/\/legendywarszawskie.pl\/wp-content\/uploads\/2015\/03\/piekarska1a-2.jpg 600w\" sizes=\"auto, (max-width: 212px) 100vw, 212px\" \/><\/a>Warszawa to dziwne miasto. Unicestwione, zbombardowane, zha\u0144bione butem niemieckiego i carskiego \u017co\u0142daka.<br \/>\nMiasto o niezwyk\u0142ej historii, kt\u00f3ra dzieje si\u0119 przez ca\u0142y czas, jak d\u0142ugo b\u0119dziemy Polakami. To r\u00f3wnie\u017c miasto tysi\u0105ca tajemnic, kt\u00f3re czekaj\u0105 na swoich odkrywc\u00f3w. Przestrze\u0144 przyjazna \u2013 tu hipster patrzy na t\u0119cz\u0119, klepie w laptopa i s\u0105czy kawusi\u0119, a kibic sto\u0142ecznej dru\u017cyny w pobliskim barze Corso zamawia kolejny browar. Obaj nie wiedz\u0105, \u017ce obserwuj\u0105 ich warszawskie duchy \u2013 jeden siedzi na dzwonnicy ko\u015bcio\u0142a Zbawiciela, a drugi na zderzaku tramwaju, kt\u00f3ry w\u0142a\u015bnie skr\u0119ca w Nowowiejsk\u0105.<\/p>\n<p>Troch\u0119 wi\u0119cej o warszawskich duchach mo\u017cemy dowiedzie\u0107 si\u0119 z najnowszej ksi\u0105\u017cki Ma\u0142gorzaty Karoliny Piekarskiej. Pisarka i warszawianka wpad\u0142a na pomys\u0142 ich wywo\u0142ania po to, by opowiedzia\u0142y nam swoje historie. Zastosowa\u0142a przy tym genialnie prost\u0105 zasad\u0119 \u2013 jedna historia z dreszczykiem przypada na jedn\u0105 sto\u0142eczn\u0105 dzielnic\u0119.<br \/>\nTak wi\u0119c ka\u017cdy mieszkaniec stolicy znajdzie tu swoj\u0105 histori\u0119. Mnie dotyczy ta z Rembertowa. Detektywi z biura pod nazw\u0105 \u201eCzucie i wiara\u201d pragn\u0105 rozwik\u0142a\u0107 zagadk\u0119 p\u0142acz\u0105cej Madonny, stoj\u0105cej przy ulicy Che\u0142m\u017cy\u0144skiej, tu\u017c przy ogrodzeniu willi Granc\u00f3wka. Czy Madonna ma co\u015b wsp\u00f3lnego ze zrujnowanym budynkiem? Kiedy\u015b mieszka\u0142em na Woli, dlatego z uwag\u0105 przeczyta\u0142em te\u017c histori\u0119 zwi\u0105zan\u0105 z bliskim mi miejscem \u2013 cmentarzem ewangelicko-reformowanym na M\u0142ynarskiej. Co dzie\u0144 na gr\u00f3b syna przychodzi matka. I co dzie\u0144 rozmawia z eleganckim starszym panem nazywaj\u0105cym si\u0119 Hieronim Nieszkowski. S\u0119k w tym, \u017ce ten pan, uczestnik powstania styczniowego, zmar\u0142 w 1922 r. Co zatem robi na cmentarzu? Po co rozmawia z zasmucon\u0105 matk\u0105?<br \/>\nCiekawa historia zwi\u0105zana jest z ko\u015bcio\u0142em \u015bw. Antoniego Padewskiego na Mokotowie, a w\u0142a\u015bciwie na Czerniakowie. W krypcie kryj\u0105cej cia\u0142o \u015bwi\u0119tego Bonifacego jako wotum wisi oprawiony srebrny talar. S\u0119k w tym, \u017ce zawsze wraca na miejsce, nawet wtedy, gdy padnie \u0142upem z\u0142odzieja. Tej historii patronuje te\u017c fundator ko\u015bcio\u0142a magnat Stanis\u0142aw Herakliusz Lubomirski, wolnomy\u015bliciel i ateista, a potem gorliwy katolik. Za to we W\u0142ochach mieszka\u0144cy zaczynaj\u0105 ni z tego, ni z owego cytowa\u0107 proz\u0119 Marka Nowakowskiego, kt\u00f3rego po\u017cegnali\u015bmy przed rokiem. Czy to duch pisarza nakazuje im bezwiedne powtarzanie wers\u00f3w z \u201eMizerykordii\u201d? My\u015bl\u0119, \u017ce nigdy by tego nie chcia\u0142, lubi\u0142 przecie\u017c w\u0142ochowskich mieszka\u0144c\u00f3w, by\u0142 jednym z nich. Dobrze za to, \u017ce jego osoba wesz\u0142a ju\u017c do legendy tej dzielnicy i sta\u0142a si\u0119 bohaterem popularnej b\u0105d\u017a co b\u0105d\u017a literatury.<br \/>\nA je\u015bli lubicie momenty, to koniecznie sp\u0119d\u017acie jedn\u0105 noc w Zaje\u017adzie Napoleo\u0144skim w Wawrze, w apartamencie dla nowo\u017ce\u0144c\u00f3w. Satysfakcja gwarantowana, odpowiada za ni\u0105 duch Lulierki, wieloletniej kochanki naszego ostatniego nieudanego kr\u00f3la. W\u0142adca by\u0142 z niego beznadziejny, ale prawdopodobnie doskonale sprawdza\u0142 si\u0119 w alkowie. W wolnomy\u015blnym XVIII stuleciu panowa\u0142o, przekonuje Piekarska, du\u017ce rozlu\u017anienie obyczaj\u00f3w. Nic zatem dziwnego, \u017ce wspomnienia tamtych igraszek tkwi\u0105 jeszcze w starych murach i odzywaj\u0105 si\u0119 w najbardziej nieoczekiwanych momentach. Ale taka jest w\u0142a\u015bnie Warszawa z dreszczykiem, kt\u00f3ra jest prawdziw\u0105 bohaterk\u0105 ksi\u0105\u017cki.<\/p>\n<p>\u0179r\u00f3d\u0142o: Rzeczpospolita,\u00a005.06.2015 (<a href=\"http:\/\/www.rp.pl\/artykul\/1206273.html\" target=\"_blank\">http:\/\/www.rp.pl\/artykul\/1206273.html<\/a>)<br \/>\nautor: Wojciech Chmielewski<\/p>\n<\/div>\n","protected":false},"excerpt":{"rendered":"<p>Znikaj\u0105cy talar i duch Nowakowskiego Warszawa to dziwne miasto. Unicestwione, zbombardowane, zha\u0144bione butem niemieckiego i carskiego \u017co\u0142daka. Miasto o niezwyk\u0142ej historii, kt\u00f3ra dzieje si\u0119 przez ca\u0142y czas, jak d\u0142ugo b\u0119dziemy <a class=\"more-link\" href=\"http:\/\/legendywarszawskie.pl\/?page_id=1894\">Continue Reading &rarr;<\/a><\/p>\n","protected":false},"author":1,"featured_media":0,"parent":1886,"menu_order":0,"comment_status":"closed","ping_status":"closed","template":"","meta":{"footnotes":""},"class_list":["post-1894","page","type-page","status-publish","hentry"],"_links":{"self":[{"href":"http:\/\/legendywarszawskie.pl\/index.php?rest_route=\/wp\/v2\/pages\/1894","targetHints":{"allow":["GET"]}}],"collection":[{"href":"http:\/\/legendywarszawskie.pl\/index.php?rest_route=\/wp\/v2\/pages"}],"about":[{"href":"http:\/\/legendywarszawskie.pl\/index.php?rest_route=\/wp\/v2\/types\/page"}],"author":[{"embeddable":true,"href":"http:\/\/legendywarszawskie.pl\/index.php?rest_route=\/wp\/v2\/users\/1"}],"replies":[{"embeddable":true,"href":"http:\/\/legendywarszawskie.pl\/index.php?rest_route=%2Fwp%2Fv2%2Fcomments&post=1894"}],"version-history":[{"count":5,"href":"http:\/\/legendywarszawskie.pl\/index.php?rest_route=\/wp\/v2\/pages\/1894\/revisions"}],"predecessor-version":[{"id":1968,"href":"http:\/\/legendywarszawskie.pl\/index.php?rest_route=\/wp\/v2\/pages\/1894\/revisions\/1968"}],"up":[{"embeddable":true,"href":"http:\/\/legendywarszawskie.pl\/index.php?rest_route=\/wp\/v2\/pages\/1886"}],"wp:attachment":[{"href":"http:\/\/legendywarszawskie.pl\/index.php?rest_route=%2Fwp%2Fv2%2Fmedia&parent=1894"}],"curies":[{"name":"wp","href":"https:\/\/api.w.org\/{rel}","templated":true}]}}